 t(4)?
-2
Let s(m) = -12*m**3 + 22*m**2 + 13*m - 3. Determine s(4).
-367
Let g(s) = -989*s - 392620. What is g(-397)?
13
Let g(b) = 1015*b - 480. Determine g(1).
535
Let d(s) = -1158*s + 18775. Determine d(16).
247
Let c(r) = -r**3 - 78*r**2 + 202*r + 3798. What is c(-80)?
438
Let d(t) = -6*t**2 - 483*t - 8943. Determine d(-51).
84
Let q(t) = 2*t**2 - 4753*t + 33180. Determine q(7).
7
Let x(f) = 85703*f + 48422190. What is x(-565)?
-5
Let w(m) = 9865*m + 344966. Calculate w(-35).
-309
Let z(g) = -4521*g + 47316. What is z(10)?
2106
Let j(z) = 7584*z + 22790. Give j(-3).
38
Let u(d) = -10*d**3 + 2382*d**2 - 463*d - 3103. What is u(238)?
-9
Let v(x) = -1734838*x + 8674215. Determine v(5).
25
Let t(f) = 12*f**2 + 1415*f + 9864. What is t(-7)?
547
Let z(k) = -k**3 + 19*k**2 - 8*k + 86. What is z(9)?
824
Let a(o) = -6607*o**2 + 19784*o + 111. Give a(3).
0
Let v(j) = -2*j**3 - 178*j**2 - 397*j - 4197. Determine v(-87).
66
Let l(d) = 5*d**3 - 4*d**2 + 224*d - 1468. Calculate l(8).
2628
Let q(d) = -41*d**2 + 337*d - 245. Calculate q(7).
105
Let k(h) = 4*h**3 + 2868*h**2 + 22693*h + 3492. Calculate k(-709).
-53
Let n(q) = 4*q**2 + 920*q + 47419. Give n(-152).
-5
Let b(s) = 73*s**2 + 1815*s - 2168. What is b(-26)?
-10
Let o(h) = -h**3 + 52*h**2 + 94*h - 2132. Determine o(53).
41
Let u(w) = 3244*w + 17987. What is u(-6)?
-1477
Let l(r) = 34837*r**2 - 34833*r + 5. Give l(1).
9
Let f(q) = 15*q**2 + 2171*q - 13272. Calculate f(6).
294
Let u(r) = r**3 + 134*r**2 - 248*r + 2468. Calculate u(-136).
-796
Let u(b) = 3*b**3 - 4*b**2 - 11*b + 43. What is u(7)?
799
Let t(k) = 19*k**2 + 30*k - 254. Give t(3).
7
Let y(w) = 8*w**2 - 1832*w - 35561. What is y(-18)?
7
Let a(c) = 3*c**3 + 267*c**2 + 39*c + 3486. What is a(-89)?
15
Let r(z) = -z**2 + 1129*z - 20986. What is r(19)?
104
Let d(b) = 7*b**2 + 34*b + 217. Determine d(-5).
222
Let s(l) = -5078618*l - 76179264. What is s(-15)?
6
Let i(d) = -d**2 - 171279*d + 2912028. Calculate i(17).
-4
Let a(v) = -3*v**3 - 9*v**2 - 99*v - 423. Determine a(-4).
21
Let a(b) = -1307*b + 16136. What is a(12)?
452
Let z(l) = -3*l**3 - 17*l**2 + 18*l + 88. Determine z(-2).
8
Let c(t) = 2143*t**2 - 220732*t + 326. Calculate c(103).
17
Let p(v) = 32578*v + 260700. Give p(-8).
76
Let n(t) = -38421*t + 4264726. Determine n(111).
-5
Let r(i) = -275*i**3 + 4612*i**2 + 1073*i - 52. Calculate r(17).
-18
Let d(m) = 66718*m + 1868087. Give d(-28).
-17
Let s(c) = 292*c**2 - 1284*c - 892. Determine s(5).
-12
Let g(q) = q**2 - 7074*q - 248798. Calculate g(-35).
17
Let n(v) = 188*v + 31554. Give n(-168).
-30
Let l(k) = k**2 + 76718*k - 460348. What is l(6)?
-4
Let l(p) = -p**2 + 384*p - 21570. Calculate l(316).
-82
Let j(k) = -53*k**3 + 676*k**2 - 482*k + 58. Calculate j(12).
34
Let x(w) = 466*w**2 + 2223*w - 6662. Give x(3).
4201
Let t(a) = a**2 + 1427*a - 28907. What is t(20)?
33
Let f(z) = 22766*z - 296866. What is f(13)?
-908
Let y(r) = -7*r**3 + 365*r**2 - 45*r - 447. Give y(52).
-83
Let c(v) = 986*v + 9171. What is c(-9)?
297
Let r(y) = -y**2 + 231*y - 8502. Give r(45).
-132
Let u(d) = d**3 + 93*d**2 - 1551*d + 7462. What is u(-108)?
10
Let i(u) = 1700*u - 16900. Determine i(10).
100
Let z(k) = -18901*k + 94353. Determine z(5).
-152
Let o(d) = -3*d**3 + 461*d**2 - 320*d + 1452. Determine o(153).
-690
Let d(h) = -14*h**2 + 558*h - 1640. What is d(3)?
-92
Let c(g) = 3*g**2 + 270*g + 549. Give c(-87).
-234
Let v(k) = 483*k - 34621. Calculate v(72).
155
Let j(b) = b**3 - 64*b**2 - 585*b + 675. Calculate j(72).
27
Let d(r) = 13729*r + 27458. Determine d(-2).
0
Let p(y) = 2*y**3 + 30*y**2 - 241*y + 360. Determine p(2).
14
Let p(x) = 1044*x - 18813. Give p(19).
1023
Let n(w) = w**3 - 20*w**2 - 245*w + 1513. What is n(27)?
1
Let i(v) = -v**2 - 1265*v + 60411. Give i(46).
105
Let z(w) = -57*w**3 + 1422*w**2 + 69*w + 152. What is z(25)?
2
Let h(l) = l**3 + 140*l**2 - 312*l - 62310. Determine h(-139).
379
Let p(d) = d**3 + 16*d**2 + 39*d - 213. Calculate p(-21).
-3237
Let t(p) = -p**3 + 52*p**2 - 150*p + 12. Determine t(3).
3
Let j(l) = 11*l**2 - 297*l - 57. Give j(24).
-849
Let s(q) = -q**2 + 100*q + 26779. Calculate s(-121).
38
Let y(q) = -6393*q + 549962. What is y(86)?
164
Let j(l) = l**3 + l**2 + 174*l - 1584. Calculate j(7).
26
Let j(p) = -3*p**3 + 30*p**2 - 80*p + 433. Give j(6).
385
Let v(q) = -8*q**3 - 210*q**2 - 106*q - 1448. Calculate v(-26).
-44
Let f(y) = 627*y - 99032. Calculate f(158).
34
Let t(b) = 682*b**2 + 21284*b + 63853. Give t(-3).
6139
Let x(t) = -t**2 - 103*t - 581. Give x(-111).
-1469
Let z(g) = -43*g + 442. Calculate z(-7).
743
Let y(m) = -m**3 - 3*m**2 - 119*m + 782. Calculate y(5).
-13
Let j(n) = -n**3 + 192*n**2 + 666*n - 233014. Give j(189).
23
Let i(x) = -2*x**3 - 41*x**2 + 52630*x + 1104786. Calculate i(-21).
-3
Let s(m) = -10*m**2 + 189*m - 1246. Determine s(7).
-413
Let w(a) = 18*a**2 + 602*a + 857. What is w(-32)?
25
Let p(u) = u**3 + 33*u**2 - 5*u + 59. Calculate p(0).
59
Let x(o) = 930*o - 1827. Calculate x(3).
963
Let f(g) = -4*g**3 - 12*g**2 + 370*g - 146. What is f(8)?
-2
Let m(g) = -246*g - 888. Give m(-7).
834
Let y(z) = z**3 - 19*z**2 - 1190*z + 866. Calculate y(45).
-34
Let u(d) = 143*d**2 + 160*d + 22. Give u(-1).
5
Let k(t) = 3579*t - 21405. What is k(6)?
69
Let z(j) = -3*j**2 + 71*j + 2463. Give z(-19).
31
Let r(c) = c**2 - 70*c - 532. Give r(-7).
7
Let w(k) = -99*k**2 + 1549*k - 2296. Calculate w(14).
-14
Let j(y) = y**3 + 27*y**2 + 55*y - 40. Give j(-25).
-165
Let q(n) = n**3 + 95*n**2 + 1194*n - 445. Calculate q(-80).
35
Let j(r) = 18*r**2 + 8*r - 7. Calculate j(5).
483
Let b(n) = n**3 + 72*n**2 + 34*n - 7417. Calculate b(-70).
3
Let v(t) = t**2 + 11508*t + 7454264. What is v(-689)?
-27
Let t(s) = 310*s**3 + 30*s**2 + 7*s + 9. Determine t(-1).
-278
Let o(s) = 238*s - 5965. Calculate o(43).
4269
Let g(q) = -q**3 + 3123*q**2 - 21807*q - 21. What is g(7)?
14
Let n(l) = -8*l**2 + 518*l - 789. Calculate n(63).
93
Let k(c) = -6*c**2 + 484*c - 9483. Calculate k(46).
85
Let q(v) = v**3 + 111*v**2 + 2127*v - 7042. Calculate q(-85).
13
Let x(b) = -23910*b - 48165. Calculate x(-2).
-345
Let y(l) = 198*l**2 + 34256*l + 375. Determine y(-173).
29
Let i(d) = -1359*d**2 + 114*d - 25. What is i(-2)?
-5689
Let n(b) = -1311*b**2 + 2585*b + 45. Calculate n(2).
-29
Let o(z) = 534*z + 1346. Calculate o(-2).
278
Let h(w) = 2540*w**2 + 22886*w + 246. Determine h(-9).
12
Let q(r) = r**2 - 91623*r + 274869. Calculate q(3).
9
Let f(i) = 2*i**2 - 1674*i + 68303. Give f(43).
19
Let r(y) = -22*y**3 - 22*y**2 + 69*y - 44. Determine r(2).
-170
Let j(r) = -4*r**3 - 83*r**2 - 30*r - 110. Calculate j(-21).
961
Let k(r) = 16*r**2 + 8604*r - 78735. Calculate k(9).
-3
Let p(a) = 3*a**3 + 69*a**2 - 101*a + 74. Give p(-22).
3748
Let x(p) = 2*p**3 - 224*p**2 + 431*p + 1021. Determine x(110).
31
Let y(l) = -5*l**3 - 227*l**2 + 131*l - 308. Calculate y(-46).
14
Let s(f) = -383574*f + 3068599. What is s(8)?
7
Let m(b) = b**3 - 697*b**2 + 19998*b + 8005. Give m(667).
1
Let q(w) = -31*w**3 + 51*w**2 + 258*w + 46. Determine q(-5).
3906
Let s(j) = -j**3 - 35*j**2 + 356*j - 110. Determine s(8).
-14
Let q(l) = -l**3 - 3*l**2 - 12*l - 1689. Calculate q(0).
-1689
Let h(u) = 17*u**2 - 41*u - 340. What is h(-11)?
2168
Let i(g) = g**3 - 71*g**2 + 1013*g - 1301. Calculate i(52).
-1
Let y(c) = c**3 - 28*c**2 - 12*c + 1040. Determine y(27).
-13
Let r(j) = 20*j**2 + 542*j - 496. Give r(-28).
8
Let b(v) = -1097*v + 13223. Give b(12).
59
Let p(s) = -2714*s - 447975. What is p(-165)?
-165
Let q(r) = 363*r - 32346. Give q(88).
-402
Let p(f) = 686*f + 17514. What is p(-27)?
-1008
Let s(b) = -3272*b - 235633. Give s(-72).
-49
Let g(x) = 9792*x - 137124. Determine g(14).
-36
Let m(a) = -23*a + 3493. Calculate m(140).
273
Let q(i) = 2075*i - 180514. Determine q(87).
11
Let o(g) = -5*g**3 - 151*g**2 - 11*g + 791. What is o(-30)?
221
Let u(k) = -36*k + 545. Calculate u(15).
5
Let d(c) = c**3 - 399*c**2 - 396*c - 1617. Calculate d(400).
-17
Let a(p) = -p**2 - 134*p - 4514. Give a(-68).
-26
Let d(n) = 2*n**2 + 271*n + 6877. Calculate d(-34).
-25
Let h(m) = 87*m**2 + 1275*m + 819. Calculate h(-14).
21
Let f(z) = -z**2 + 748*z - 95347. Determine f(585).
8
Let c(n) = -57*n**2 - 727*n - 4247. Calculate c(-6).
-1937
Let r(n) = -627824*n + 5022590. What is r(8)?
-2
Let i(f)